INSERT INTO CONTENT_WEBSITE_V2 (id, online, url, data_list_id) 
VALUES (0xf193dccd7c2649569fea4cf520083530, 1, 'http://www.v2.fec.fo', 0xe2cf526e46f845b0a5e7cb8d66812238);

INSERT INTO CONTENT_RESOURCE_REF_V2 (id, comment, img_id, resource_id) 
VALUES (0xc6e1b9c0069049b3ad6b3f94a81ce276, 'Home link of header links',0x4743d5c01b4c4abd9e932006b486582a, 0x2d6979c2ad4f40eea11d7e1c3415efa0);

-- Logo resource :
INSERT INTO CONTENT_RESOURCE_V2 (id, version, code, locale, self_ref_id, current_version) 
VALUES (0x4743d5c01b4c4abd9e932006b486582a, CURRENT_TIMESTAMP, 3, 'FR', 0x269e689bbb22463ebaa9c1b0b3f9a5b8, 1);
INSERT INTO CONTENT_RESOURCE_REF_V2 (id, comment, resource_id) 
VALUES (0x269e689bbb22463ebaa9c1b0b3f9a5b8, 'Self Ref Logo', 0x4743d5c01b4c4abd9e932006b486582a);
INSERT INTO CONTENT_RESOURCE_MAP_V2 (id, path, resource_id, online) 
VALUES (0xe22d8814c16a46a39bbefb2b450bf227, '/css/img/logo-fo-fec.png', 0x4743d5c01b4c4abd9e932006b486582a, 1);

INSERT INTO CONTENT_RESOURCE_REF_V2 (id, comment, label, resource_id) 
VALUES (0xb77d2dece4aa42899677c57fc22942c4, 'Contact link of header links','Contactez-nous', 0x48b4991d15ab4d77b83427de77d9db3c);
 
 
-- 


-- Home Page :
INSERT INTO CONTENT_RESOURCE_V2 (id, version, code, locale, self_ref_id, current_version) 
VALUES (0x2d6979c2ad4f40eea11d7e1c3415efa0, CURRENT_TIMESTAMP, '1', 'FR', 0x1626983416b511e6b24f005056ab2b29, 1);

INSERT INTO CONTENT_WEBPAGE_V2 (id, template, data_list_id) 
VALUES (0x2d6979c2ad4f40eea11d7e1c3415efa0, 'home', 0x8b1872bd604340a5a035b210896dab5b);

INSERT INTO CONTENT_RESOURCE_REF_V2 (id, comment, label, description, title, img_id, img_over_id, img_alt, resource_id, url) 
VALUES (0x1626983416b511e6b24f005056ab2b29, 'Home Page Self Ref', 'Accueil FECFO ...', 'Description : FECFO ...', 'Accueil FECFO ...', NULL, NULL, NULL, 0x2d6979c2ad4f40eea11d7e1c3415efa0, NULL);

INSERT INTO CONTENT_RESOURCE_MAP_V2 (id, path, resource_id, online) 
VALUES (0xf4ba833c647c4dbd9f64aa25c223c950, '/', 0x2d6979c2ad4f40eea11d7e1c3415efa0, 1);


-- ContactUs Page
INSERT INTO CONTENT_RESOURCE_V2 (id, version, code, locale, self_ref_id, current_version) 
VALUES (0x48b4991d15ab4d77b83427de77d9db3c, CURRENT_TIMESTAMP, '2', 'FR', 0xd75eb0458f4644439d32c9b812391138, 1);

INSERT INTO CONTENT_WEBPAGE_V2 (id, template, data_list_id) 
VALUES (0x48b4991d15ab4d77b83427de77d9db3c, 'contact-us', 0x6eb7a016c51549ca806fbafce876a52a);

INSERT INTO CONTENT_RESOURCE_REF_V2 (id, comment, label, description, title, img_id, img_over_id, img_alt, resource_id, url) 
VALUES (0xd75eb0458f4644439d32c9b812391138, 'Contact Page Self Ref', 'Contact', 'Description : Contact', 'Contact', NULL, NULL, NULL, 0x48b4991d15ab4d77b83427de77d9db3c, NULL);

INSERT INTO CONTENT_RESOURCE_MAP_V2 (id, path, resource_id, online) 
VALUES (0xd9d45f6782ea4e69bea045b5c7a3caf5, '/contact', 0x48b4991d15ab4d77b83427de77d9db3c, 1);
